 the prime factors of 105787762.
2, 661, 80021
List the prime factors of 1586918500.
2, 5, 83, 38239
List the prime factors of 4379344407.
3, 9157, 17713
What are the prime factors of 208287836?
2, 83, 103, 6091
List the prime factors of 138642186.
2, 3, 113, 204487
List the prime factors of 436111054.
2, 218055527
List the prime factors of 61550814.
2, 3, 13, 101, 601
What are the prime factors of 261451377?
3, 11, 113, 23371
What are the prime factors of 3077437586?
2, 2699, 570107
List the prime factors of 166625033.
166625033
List the prime factors of 46559507.
46559507
List the prime factors of 68646426.
2, 3, 73, 156727
List the prime factors of 2139014765.
5, 12611, 33923
What are the prime factors of 161913037?
11, 13, 1132259
List the prime factors of 444813355.
5, 7, 2729, 4657
What are the prime factors of 2669323072?
2, 13, 19, 131, 1289
List the prime factors of 60843270.
2, 3, 5, 2028109
What are the prime factors of 64198112?
2, 11, 19, 29, 331
What are the prime factors of 158965718?
2, 101, 786959
List the prime factors of 104108961.
3, 11, 19, 166043
List the prime factors of 274355463.
3, 91451821
List the prime factors of 2079806656.
2, 17, 1289, 1483
What are the prime factors of 14072831?
14072831
List the prime factors of 972378430.
2, 5, 61, 1594063
What are the prime factors of 128723988?
2, 3, 10726999
What are the prime factors of 215777367?
3, 13, 991, 1861
What are the prime factors of 40486684?
2, 7, 1445953
What are the prime factors of 116705098?
2, 58352549
What are the prime factors of 250406687?
281, 941, 947
What are the prime factors of 484415860?
2, 5, 3217, 7529
List the prime factors of 44262100.
2, 5, 113, 3917
What are the prime factors of 449871489?
3, 1301, 1423
What are the prime factors of 86613705?
3, 5, 71287
What are the prime factors of 7061440656?
2, 3, 147113347
List the prime factors of 345888911.
345888911
What are the prime factors of 84237560?
2, 5, 11, 191449
List the prime factors of 1965425202.
2, 3, 13, 2799751
List the prime factors of 1834718205.
3, 5, 29, 149, 28307
List the prime factors of 4816142845.
5, 23, 809, 51767
List the prime factors of 212077606.
2, 13, 239, 34129
What are the prime factors of 1945319318?
2, 317, 1483, 2069
What are the prime factors of 89472646?
2, 44736323
What are the prime factors of 211811474?
2, 7, 15129391
List the prime factors of 1369526399.
37, 2887, 12821
What are the prime factors of 35175823?
35175823
What are the prime factors of 38821933?
38821933
List the prime factors of 162494020.
2, 5, 13, 624977
List the prime factors of 1135676608.
2, 11, 251, 6427
What are the prime factors of 93495676?
2, 61, 383179
List the prime factors of 191556299.
11, 197, 88397
What are the prime factors of 1840088099?
103, 17864933
What are the prime factors of 7098240427?
23, 83, 3718303
List the prime factors of 1744817939.
1744817939
List the prime factors of 472659531.
3, 157553177
List the prime factors of 163238843.
23, 7097341
What are the prime factors of 58820061?
3, 19606687
List the prime factors of 328576500.
2, 3, 5, 7, 19, 61
What are the prime factors of 2144129832?
2, 3, 13, 763579
What are the prime factors of 365895793?
365895793
What are the prime factors of 2168178176?
2, 4234723
List the prime factors of 117819671.
4073, 28927
List the prime factors of 80643321.
3, 11, 814579
List the prime factors of 999671948.
2, 11, 277, 82021
List the prime factors of 2691320050.
2, 5, 2837, 18973
What are the prime factors of 171533538?
2, 3, 11, 96259
What are the prime factors of 165054253?
7, 13, 43, 42181
What are the prime factors of 1098654158?
2, 7, 78475297
List the prime factors of 1904965233.
3, 24611, 25801
What are the prime factors of 2714420942?
2, 571, 1399, 1699
List the prime factors of 376843946.
2, 149, 1264577
List the prime factors of 218665410.
2, 3, 5, 661, 11027
List the prime factors of 15119947.
23, 47, 71, 197
What are the prime factors of 182171338?
2, 91085669
What are the prime factors of 48648694?
2, 431, 56437
What are the prime factors of 55832819?
7, 7976117
List the prime factors of 187344663.
3, 11, 67, 7703
List the prime factors of 137641030.
2, 5, 151, 91153
What are the prime factors of 2054984284?
2, 2591, 198281
What are the prime factors of 543406547?
17, 419, 76289
What are the prime factors of 60518637?
3, 2241431
List the prime factors of 718524490.
2, 5, 61, 491, 2399
List the prime factors of 180585856.
2, 11, 128257
What are the prime factors of 111495476?
2, 27873869
List the prime factors of 3603205665.
3, 5, 41, 1952957
List the prime factors of 52584767.
97, 542111
List the prime factors of 2210825191.
79, 191, 146519
List the prime factors of 628660474.
2, 13, 463, 52223
What are the prime factors of 192353739?
3, 19, 503, 6709
What are the prime factors of 168357016?
2, 21044627
What are the prime factors of 30053410?
2, 5, 23, 41, 3187
What are the prime factors of 1087547249?
23, 47284663
List the prime factors of 251311617.
3, 859, 32507
List the prime factors of 106765180.
2, 5, 19, 191, 1471
What are the prime factors of 79819627?
19, 127, 1741
What are the prime factors of 2812809662?
2, 13, 108184987
List the prime factors of 680302.
2, 7, 48593
List the prime factors of 1410206142.
2, 3, 29, 47, 172439
What are the prime factors of 89004559?
7, 12714937
List the prime factors of 12837287.
127, 101081
What are the prime factors of 1116211522?
2, 211, 2645051
What are the prime factors of 5282146505?
5, 1181, 894521
List the prime factors of 27833469.
3, 83, 111781
What are the prime factors of 909572721?
3, 303190907
What are the prime factors of 12336721?
12336721
What are the prime factors of 3698640865?
5, 67, 109, 199, 509
List the prime factors of 72440475.
3, 5, 739, 1307
What are the prime factors of 831644341?
11, 97, 467, 1669
List the prime factors of 40845632.
2, 37, 47, 367
List the prime factors of 23192748.
2, 3, 191, 3373
What are the prime factors of 324781485?
3, 5, 7, 797, 3881
List the prime factors of 2103078053.
641, 1531, 2143
List the prime factors of 102015663.
3, 631, 53891
What are the prime factors of 168173764?
2, 11, 373, 10247
What are the prime factors of 8143356275?
5, 131, 2486521
List the prime factors of 63774003.
3, 21258001
List the prime factors of 2005892993.
13, 1789, 86249
List the prime factors of 914623882.
2, 101, 599, 7559
List the prime factors of 159463837.
13, 29, 32537
List the prime factors of 133568703.
3, 4946989
What are the prime factors of 972334087?
5779, 168253
What are the prime factors of 1426600709?
647, 1429, 1543
What are the prime factors of 155980711?
419, 372269
List the prime factors of 43207169.
149, 409, 709
What are the prime factors of 36915051?
3, 12305017
List the prime factors of 45489445.
5, 107, 85027
List the prime factors of 943597872.
2, 3, 7, 163, 5743
What are the prime factors of 57655266?
2, 3, 41, 71, 3301
List the prime factors of 462925039.
462925039
List the prime factors of 73684453.
73684453
List the prime factors of 386477695.
5, 73, 307, 3449
List the prime factors of 375726547.
7, 73, 257, 2861
What are the prime factors of 589851189?
3, 65539021
List the prime factors of 107197173.
3, 1223, 9739
List the prime factors of 776895378.
2, 3, 7, 827, 22367
What are the prime factors of 14817552?
2, 3, 197, 1567
What are the prime factors of 88219336?
2, 11027417
What are the prime factors of 4104937658?
2, 2052468829
What are the prime factors of 198294970?
2, 5, 17, 1166441
List the prime factors of 3193723326.
2, 3, 17, 109, 287257
What are the prime factors of 3472669118?
2, 17, 102137327
What are the prime factors of 2285930453?
2285930453
What are the prime factors of 575006161?
79, 197, 36947
List the prime factors of 490129189.
11, 31, 1437329
List the prime factors of 7416133613.
7, 113, 1609, 5827
List the prime factors of 1692081661.
1692081661
List the prime factors of 6943700.
2, 5, 23, 3019
What are the prime factors of 44828097?
3, 163, 91673
List the prime factors of 1109211005.
5, 7, 89, 97, 3671
List the prime factors of 1082318409.
3, 89, 450403
List the prime factors of 594680340.
2, 3, 5, 9911339
List the prime factors of 1123857413.
7, 12253, 13103
What are the prime factors of